j) = 5*j**3 - 36*j**2 - 7*j + 9. Let t(k) = -7*m(k) - 3*z(k). Give t(-25).
1
Let w(x) be the second derivative of 7/3*x**3 + 116*x + 0 + 1/2*x**2. What is w(-1)?
-13
Let l = 4400 - 4404. Let d(a) = a**3 + 4*a**2 + 2*a - 6. What is d(l)?
-14
Suppose 0 = 3*r - 2*g + 30, -2*r + 4*g = -8 + 44. Let s(a) = -a**2 - 7*a - 13. What is s(r)?
-7
Let c(o) = 15 - 8*o + 4*o + 5*o - 26. Let d(k) = k**3 + 8*k**2 + 8*k + 16. Let v be d(-7). Give c(v).
-2
Suppose 3*p + p = 12. Let j be (-2)/((-10)/3)*5*1. Let m(i) = 2*i**j - 6*i**2 + 1 + 4 - i**3 - 3*i + p. What is m(6)?
-10
Let v be -51*8 - 0/57. Let u = -414 - v. Let f(d) be the third derivative of -d**6/120 - 2*d**5/15 - d**4/3 + d**3/6 + 4*d**2. What is f(u)?
-23
Let b = -95 - -108. Let y(h) = -h**3 + 7*h - 1 + 4*h**2 + b - 12. Calculate y(5).
10
Suppose -44 + 28 = -2*o - 2*z, -3*z + 34 = 4*o. Let x(i) = 0*i**2 - i**2 - o*i + 32*i - 13 - 2 - 9*i. Determine x(12).
-3
Let x(i) = -7*i - 1. Let t(l) = 10*l + 69. Let u(j) = -t(j) - 5*x(j). Calculate u(3).
11
Let a(g) = 5*g - 2849 + g + 2979. Determine a(-20).
10
Let a(k) = -19*k - 11. Let c(b) = 9*b + 5. Let n(f) = -6*a(f) - 13*c(f). Let d(x) = 4*x - 2. Let o(i) = -5*d(i) - 7*n(i). Determine o(6).
9
Suppose -3*d + 17 = -w, -6*w + 4*w = 10. Let s(q) = -15*q + 17 + q**3 + d*q + 10*q + 2*q**2 - 12*q**2 - 2*q**2. Calculate s(12).
5
Let w(u) = -17*u**3 + 5*u**2 - 11 - 9*u**3 - 29*u**3 + 4*u + 4 + 54*u**3. Give w(5).
13
Let g(x) = -1 + 2*x + 17 - 6*x - 7 + 2*x. Let t(m) = -m**3 + 12*m**2 + 9. Let j be t(12). Give g(j).
-9
Let f(z) = 1 + 0*z - 3*z + 5*z. Let m be 3/(-3*6*5/28230). Let a = 938 + m. Determine f(a).
-5
Let n be (60/105)/(1/(-7))*15/(-12). Let z(y) be the third derivative of -15*y**2 + 7/24*y**4 + 1/60*y**n + 0 - 1/2*y**3 + 0*y. Calculate z(-6).
-9
Let u(m) be the second derivative of m**4/4 - m**3/3 + m**2/2 - 6118*m. Calculate u(3).
22
Let g(t) = 6*t**3 - t**2 - 10*t - 2. Let r(q) = -2*q**3 - 12*q - 1. Let y(j) = g(j) - r(j). Determine y(2).
63
Let u(n) = 4*n**2 - n + 26. Suppose t = -v - 1, 259*t - 257*t = 2*v - 2. Give u(v).
26
Let q(c) = -2*c - 275. Let p(f) = -14*f - 1610. Let x(d) = -6*p(d) + 35*q(d). Give x(-3).
-7
Suppose -48*m = -43*m - 10. Suppose r - m*f - 17 = 0, 4*r - 2*f - 28 - 10 = 0. Let l(w) = -w**2 + 11*w - 12. What is l(r)?
16
Let q(n) = 33*n + 206. Suppose -7 + 10 = -3*t, 0 = 3*o - 4*t + 14. Give q(o).
8
Let u(c) be the third derivative of -c**6/40 - c**5/20 - 5*c**4/24 - 2390*c**2. Calculate u(-2).
22
Let m(g) be the third derivative of -g**4/4 + 5*g**3/6 + 29*g**2 + 13. Let p(c) = 2*c**2 - 6*c - 3. Let r be p(4). Give m(r).
-25
Let q(x) = 5*x + 7. Let n(g) = -13*g - 12. Let k(d) = 2*n(d) + 5*q(d). What is k(-6)?
17
Let q(p) = -p**3 - 3*p - 17 + 17*p**2 + 14 + 13*p**2 - 27*p**2. What is q(3)?
-12
Let x(f) be the third derivative of f**6/120 - 2*f**5/15 - f**4/12 - 4*f**3/3 + 1611*f**2. Calculate x(7).
-71
Let f = 16 - 22. Let w be (-2)/(105/(-126)*f/20). Let x(l) = -l**3 - 8*l**2 - 2*l - 7. Calculate x(w).
9
Let v = -14 - -8. Let j be ((-3)/(-9))/((-2)/v). Let h(q) be the third derivative of -q**5/60 + q**4/24 - q**3/6 + 232*q**2 + 2*q. Give h(j).
-1
Let z(q) = 203*q + 497. Let j(u) = 427*u + 987. Let a(o) = -6*j(o) + 13*z(o). Give a(-7).
0
Let b(r) = r**2 + 11*r + 7. Let v be 5 + (13 - 216/8). Determine b(v).
-11
Let y be (1752/(-1606))/((-4)/(-66)). Let w(b) = -2*b + 34. Calculate w(y).
70
Let a = -49 - -42. Let j be 0 + -3 - (2 + a). Let z(v) = -6*v + 0*v**2 + 2 - 3 + 12*v**3 + v**j + 5*v. Determine z(-1).
-11
Let m(o) = -o**2 + 16*o - 42. Let w(k) = k**2 - 17*k + 43. Let v(y) = -6*m(y) - 5*w(y). Calculate v(6).
7
Let y(g) = 19*g**2 + 4*g + 15. Let u(p) = -36*p**2 - 9*p - 34. Let n(l) = 4*u(l) + 9*y(l). Calculate n(1).
26
Let h(m) = 750*m - 1504*m + 729*m - 2*m**2 + 15. Determine h(-13).
2
Let s(r) = r + 1 - 2 + 1. Let p(c) = 4*c + 2. Suppose -2 = 4*a + 18, -15 = 5*o + 2*a. Let k(u) = o*p(u) + 3*s(u). What is k(3)?
-5
Let d(p) = -p**2 + 2*p - 5. Let m be (3/(-6))/(47/12 - 4). Let h be 3*m/126 - 68/(-14). Give d(h).
-20
Let i(s) = 3*s**2 + 14*s - 2. Let a(z) = -2*z**3 + 25*z - 25. Let w be a(1). Determine i(w).
-18
Let t(h) = -32 + 16*h - 4 - 2 - 18*h. Let y be t(-20). Let b(z) = -z + y + 2*z - 3*z - 4*z. Determine b(2).
-10
Let n be (-6)/(-1)*(-4)/8. Let l(a) = -42*a - 45 + 44 + 119*a - 76*a. What is l(n)?
-4
Let t(o) be the third derivative of o**5/60 - 35*o**4/24 + 19*o**3 + 2*o**2 - 155*o + 5. What is t(32)?
18
Let n(s) = -s - 68. Let p(l) = 5*l - 457. Let i(f) = -5*n(f) + p(f). Give i(11).
-7
Let f(p) = -3*p**2 + 481*p + 3 - 246*p - 245*p + 6*p**2 - 2*p**2. Let m be (-80)/(-14) + 4/14. Calculate f(m).
-21
Let t(x) = -x**3 + 8*x**2 + 18*x + 10. Let c = -2745 - -2755. Give t(c).
-10
Let u(y) = -73*y**2 + 257*y**2 - 77*y**2 - 68*y**2 - 70*y**2 - 14*y - 3*y**3 - 36. What is u(-10)?
4
Let l(q) be the first derivative of 2*q**3/3 + 3*q**2/2 + q + 3. Suppose -2*h - 4 = 3*d, h = -4*d - 3*h. Let s be -6*(-4)/32*d. Give l(s).
10
Let w(s) be the first derivative of 31 + 15*s**2 - 7/24*s**4 + 0*s + s**3 - 1/60*s**5. Let c(i) be the second derivative of w(i). Give c(-7).
6
Let p(m) = 7*m + 62. Let w = -33383 + 33372. What is p(w)?
-15
Let j be (-3)/(-6) - 36/(-24). Let c(l) = -3*l + 15*l**2 - 7*l**2 - 6 - 10*l**2 - 4*l**j - l**3. Calculate c(-6).
12
Let o = -1 + 8. Suppose 0 = o*l - 11*l - 16. Let f(r) be the first derivative of r**4/4 + 5*r**3/3 + 5*r**2/2 + 6*r + 129. What is f(l)?
2
Let j(m) = 6*m - 223. Suppose 6*q - 261 = 3*z, 232*z - 235*z + 26 = q. Calculate j(q).
23
Let v = 0 + 0. Let o be 1 - (5 - 4*15/10). Let w(j) = -20*j**2 + 19*j**o + 5*j - 4*j. Give w(v).
0
Let x(n) = -8*n**2 - 124*n + 5. Let y(r) = 24*r - 1. Let g(t) = x(t) + 5*y(t). Calculate g(-4).
-112
Let n(u) = 8*u + 18. Let c be n(-2). Suppose 10*k - 12*k - 6 = 0, 3*d + c*k - 33 = 0. Let x(h) = -h - 4. Determine x(d).
-17
Let y(x) = -3*x + 102. Let s(z) = -5*z + 122. Let b(j) = 5*s(j) - 6*y(j). Give b(1).
-9
Let h(k) = -5*k**2 - 3*k + 20. Let i(g) = g**2 + g - 3. Let j(c) = -h(c) - 6*i(c). Let y be (-3)/(99/60) + (-20)/110. What is j(y)?
0
Let v(m) be the third derivative of m**6/720 - m**5/30 + m**4/12 + 22*m**3/3 - 82*m**2. Let b(q) be the second derivative of v(q). Calculate b(0).
-4
Let q(r) = -4*r**3 + 66*r**2 - 16*r - 272. Let f be q(16). Let m(u) = -u**3 - 22*u**2 - 98*u - 23. Determine m(f).
9
Let n(c) = -3*c**3 + 6*c**3 - 18*c - 4*c**3 + 0 - c**2 + 4*c - 2. Let g(y) = 2*y**3 + 2*y**2 + 30*y + 4. Let p(o) = -6*g(o) - 13*n(o). Determine p(-2).
-6
Let j = 3497 - 3526. Suppose -3*z = -8*z - 135. Let r = j - z. Let s(b) = b**3 + 2*b**2. Give s(r).
0
Let g(w) = -219*w + 60. Let y(z) = 62*z - 17. Let r(b) = -5*g(b) - 18*y(b). What is r(2)?
-36
Suppose -72*c + 70*c = 0. Let q(w) = 3*w + 2. Let p be q(c). Let g(i) be the third derivative of i**5/30 + i**4/24 + i**3/3 + 11*i**2. Give g(p).
12
Let u(c) = -c - 7. Let j be (-16)/32*(0 + -102). Let d = -102 + 45. Let r = j + d. Give u(r).
-1
Let p(t) = 2*t - 2. Suppose 0*v + 12 = 2*v. Let y(h) = -23*h + 9*h - v + 11*h. Let i be y(-3). Calculate p(i).
4
Let n(f) = 3*f**2 + 6*f + 7. Let q be n(-2). Let h(w) = w**2 + 17*w + 3. Let k(a) = 3*a**2 + 35*a + 5. Let x(s) = 7*h(s) - 3*k(s). Calculate x(q).
6
Let w be 2 + 3 + -4 + 1. Let l be (0*2/(-4))/w. Let g(t) = t**3 - 2*t - 6 + 7*t + t**2 - 4*t. Give g(l).
-6
Suppose 0 = 51*t - 10 + 163. Let m(l) = 2*l**2 - 2*l - 3. What is m(t)?
21
Let g be (-50)/8 + 80/320. Let o(a) be the third derivative of -a**5/60 - a**4/12 + 7*a**3/6 - 2*a**2. Give o(g).
-17
Let p(a) = -a + 21. Let i(v) = -3*v + 155. Let h(w) = -6*i(w) + 39*p(w). Calculate h(-6).
15
Suppose 5*u + 2 = 61*y - 57*y, -5*u = -2*y - 4. Let w(j) = 14 - u*j + 2*j + 3*j + 39*j**2 - 40*j**2. Calculate w(6).
-4
Suppose 0*c - 120 = -30*c. Suppose k = 2*s - 11, k + c*k = -2*s - 31. Let l(o) = o**2 + 6*o - 2. Give l(k).
5
Let y(x) = 4187*x**3 + 16*x - 2137*x**3 - 29 + 19*x**2 - 2049*x**3. Determine y(-18).
7
Let b = -47348 + 47327. Let w(k) = 10*k + 211. What is w(b)?
1
Let h(n) be the first derivative of -n**2 - 22*n + 2884. Calculate h(-9).
-4
Let r(k) = -k**3 + 9*k**2 - 13*k - 12. Suppose 5*d + 5*b = 4 + 46, -4*d + 2*b + 22 = 0. Calculate r(d).
-5
Let w(z) = -66*z**2 - 31*z + 6. Let r(c) = -67*c**2 - 25*c + 5. Let i(t) = 5*r(t) 